- -588. What are the prime factors of 76/16 - 4 - z/4?
2, 3
Suppose -3*r + 70 = -4*l - 0*l, -2*r - l + 43 = 0. Let f = r + -20. List the prime factors of f.
2
Let l(b) = 322*b. Let p(g) = 17*g. Suppose o = -4*o - 30. Let d(f) = o*l(f) + 115*p(f). What are the prime factors of d(1)?
23
Let j(x) = -x**3 + 8*x**2 + 3*x - 4. Let o be ((-3)/(-2))/3*14. List the prime factors of j(o).
2, 3, 11
Suppose -10*t - 23 = 27. What are the prime factors of (t + 5 + -1)*-202?
2, 101
Let d(n) = n**3 - 16*n**2 + 38*n - 42. List the prime factors of d(14).
2, 7
Suppose -17 = -5*v - 17. Suppose -4*c + 69 = o, v = -2*o - 5*c - 0*c + 138. List the prime factors of o.
3, 23
Suppose 4*y - 788 = 22*d - 26*d, -394 = -2*d - 5*y. List the prime factors of d.
197
What are the prime factors of (7 + -4431)/(-8) + -1?
2, 3, 23
Let x(w) = 275*w + 7. What are the prime factors of x(2)?
557
Suppose 2*q + x - 3614 = 3*x, 4*q = -3*x + 7242. List the prime factors of q.
3, 67
What are the prime factors of ((-3)/(-9))/(48/360432)?
2503
Let j(l) = l**2 - 8*l - 6. Let f be j(9). Suppose v + f = 4*v. Let u(q) = 23*q**3 - q + 1. What are the prime factors of u(v)?
23
Let z = 7 + 71. Suppose z + 48 = 3*h. What are the prime factors of h?
2, 3, 7
Let q be (-2)/(-8) + 120/32. Let l = -11 - -14. Suppose 4*a + 36 = q*u - 0*a, 5*u - l*a - 53 = 0. What are the prime factors of u?
13
Suppose 1 = k + 5*c - 4, -3 = k + c. Let r be (-1 - 0)*(2 + k). Suppose -57 = -5*m + r*y + 10, -27 = -2*m + y. List the prime factors of m.
2, 7
Suppose -2*r - 2*n = 3*n - 15, 4*n - 12 = -5*r. Suppose r = -8*u + 16*u - 1144. What are the prime factors of u?
11, 13
Let a(d) = 21*d + 24. Let w be a(-8). Let y = 253 + w. What are the prime factors of y?
109
Suppose -108*c = -67*c - 141245. What are the prime factors of c?
5, 13, 53
Let t = 1023 - -9. What are the prime factors of t?
2, 3, 43
Let t be -1 + 1 - 3060/((-20)/4). Suppose 3*f - t = 168. What are the prime factors of f?
2, 5, 13
Suppose 0*p = -p + 4*r, 5*p - 2*r = -90. Let y be 10/p - (-1)/(-2). Let w = y - -25. List the prime factors of w.
2, 3
Let h be 1 + 4 + (-33 - 3). Let q = h - -21. List the prime factors of 492/10 - (-2)/q.
7
Let d(n) = n**2 + 10*n - 6. Let f be d(-11). Suppose -392 = -2*t + 4*m, -804 = t - f*t - 2*m. What are the prime factors of t?
2, 5
Let n = 136 + 115. What are the prime factors of n?
251
Let i be (-84)/18*6/(-4). Let d = 15 - i. What are the prime factors of d?
2
Let c = -598 - -604. Suppose 2*q + 4*o = 38, -q - 4*o + 0 = -17. What are the prime factors of (c/(-4))/(q/(-896))?
2
Let d be (2 - -4)*10/4. Suppose -d*h = -19*h + 404. List the prime factors of h.
101
Let q = 82 + -47. Let r = q + -20. What are the prime factors of r?
3, 5
Suppose -71 = -3*f + 4*m, 2*f + 0*m - 29 = -m. Let u = f + -42. Let o = 33 + u. List the prime factors of o.
2
Suppose -q + 2 = -1. Suppose -4*p = -4*r - q*p - 1, 0 = -4*p + 4. Suppose 201 = 3*i - 3*v, r = 2*i - 0*v + 5*v - 99. List the prime factors of i.
2, 31
List the prime factors of (150/(-15))/((-2)/12).
2, 3, 5
Let m(o) = -3*o**3 - 6*o**2 - 29*o - 10. What are the prime factors of m(-11)?
2, 3, 149
Let p be (12/10)/((-34)/85). What are the prime factors of (-806)/(-8) - (p + (-33)/(-12))?
101
Let x = 3 + -3. Suppose -4*s + l + 280 = 0, 3*s = -x*s - 5*l + 187. What are the prime factors of s?
3, 23
What are the prime factors of (-4959)/29*5/(10/(-4))?
2, 3, 19
Let s(c) be the third derivative of -c**5/60 + 7*c**4/24 + 2*c**3/3 + 3*c**2. Let z be s(7). Suppose 0 = -z*d - d + 145. List the prime factors of d.
29
Let m be (36/(-42))/((-2)/14). Let a be (m/(-5))/((-10)/25). Suppose -103 = -a*u - 1. What are the prime factors of u?
2, 17
Let l = -27 + 28. Let r(f) = 184*f**2 + f. Let g be r(l). Suppose 0 = 5*p - 55 - g. List the prime factors of p.
2, 3
Let x(y) = y + 10. Let m be x(-8). Let g be (0 - 2)*(-3 + m). Suppose -3*o + 90 = -4*w + 245, -5*w + g*o = -192. List the prime factors of w.
2, 19
What are the prime factors of 10 - (1 + -2723 + -5)?
7, 17, 23
Let t be (-79)/2 + 0 + (-6)/(-12). Let c = t - -109. What are the prime factors of c?
2, 5, 7
Let s = -215 - -386. List the prime factors of (-6)/8 - 2/(-8)*s.
2, 3, 7
Suppose -106*g + 87*g + 88179 = 0. What are the prime factors of g?
3, 7, 13, 17
Let k(g) = -15*g**2 - g**3 - 519 - 9*g + 507 + 0*g**3. What are the prime factors of k(-15)?
3, 41
Suppose -101640 = -32*u + 4088. List the prime factors of u.
2, 7, 59
Let m(h) = h**2 + 9*h - 8. Let j be m(-9). List the prime factors of ((-110)/(-4))/(j/(-16)).
5, 11
Let n(g) = 52*g + 8. Let w be n(13). Suppose 41*i = 35*i + w. List the prime factors of i.
2, 3, 19
Let x(z) = 2*z**2 + 5*z - 1. Let n be x(-3). What are the prime factors of (n + -1 - (-3)/18)*6?
7
Let x be (-5)/((-60)/368)*(12 + 0). Suppose 0 = -5*o + x + 67. What are the prime factors of o?
3, 29
Let x(v) = v**3 - 16*v**2 + 29*v - 17. Let c be x(14). What are the prime factors of (6/c - 26)*(-9 + 4)?
2, 5, 7
Let p be (28/21)/((-4)/(-9)). Suppose -p*t - 25 + 67 = 0. List the prime factors of t.
2, 7
Let f(v) = -22*v. Let h be f(-1). What are the prime factors of 844/14 - h/77?
2, 3, 5
Suppose -2*q + p - 2*p + 69 = 0, 5*p - 39 = -q. Let o = q + 5. List the prime factors of o.
3, 13
Suppose 223*t - 229*t = -1704. What are the prime factors of t?
2, 71
What are the prime factors of 169191/77 + 4 - (-6)/(-21)?
31, 71
Suppose 0 = h, -x + 0*h + 2*h = -3. Suppose x*l + 3*n - 14 = -2*l, 5*l - 20 = -5*n. What are the prime factors of l + (31 - (-3)/(-1))?
29
Let u(g) = 34*g + 199. List the prime factors of u(19).
5, 13
Let x be -2 + 0 + 4 + 0. Suppose -139 = 4*c + 3*i, x*i = 5*c - 3*c + 80. Let z = c + 61. What are the prime factors of z?
2, 3
Let r(a) be the second derivative of -3*a**3/2 + 9*a**2/2 + 10*a. List the prime factors of r(-7).
2, 3
Suppose 0 = t - 2*k + 10, 4*k - 3 = 17. Suppose t = 5*p + 2*h + h - 293, -2*p + 113 = -3*h. List the prime factors of p.
2, 29
Suppose -c - o = c + 43, -4*o - 25 = c. Let f be (-9)/c - (-2429)/49. Suppose 2*v = -6 + f. What are the prime factors of v?
2, 11
Let y = 1182 - 853. What are the prime factors of y?
7, 47
Suppose 5*x + 20 = 0, 3*i + 5*x - 346 = 189. List the prime factors of i.
5, 37
Suppose 4*r = 5*y - 6335, -y - 2*y - 3*r + 3801 = 0. What are the prime factors of y?
7, 181
Let z(s) = -2 + 7*s - 3*s**3 - 2*s**2 - 2 - 5*s**2 + 4*s**3. Let a be z(6). Suppose -3*o = a*w - 172, -43 - 77 = -2*o + 4*w. List the prime factors of o.
2, 29
Let t(o) = o**3 - 16*o**2 + 19*o - 61. Let j be t(15). Suppose -2*r = r + 354. What are the prime factors of (2/4)/(j/r)?
59
List the prime factors of 2115/1*5/(27 + -12).
3, 5, 47
Let w(p) = 6*p + 18*p - 12 - 10*p. List the prime factors of w(3).
2, 3, 5
Suppose -3*v = -0*v - 18. Let o(w) = w**3 - 4*w**2 - 7*w + 5. Let l be o(v). Suppose -t - 3*t + 4*h + 28 = 0, -l = -5*t - 2*h. List the prime factors of t.
7
Suppose 4*s - 4*n - 10 - 6 = 0, 2*s - 12 = 3*n. Suppose -a - 3 = 5*r, s = a - 0*a + 2*r. Suppose 10 = a*l - 40. List the prime factors of l.
5
Suppose o - 6 = -2*o. Suppose -o - 1 = -i. Let q = 3 + i. What are the prime factors of q?
2, 3
Suppose -5*c - h + 10816 = 0, -20*h = 5*c - 17*h - 10808. What are the prime factors of c?
2, 541
Suppose 2*m + 6 = 0, -2*a + 6 = -2*m - 0. Suppose w - 2*w - 2 = a. What are the prime factors of (11 - -3)*2 - w?
2, 3, 5
Suppose -m + 1 = -5*i, 3*i + 6 = 4*m + 2. Suppose i*u + 2*z - 45 = -u, 3*z + 125 = 4*u. List the prime factors of u.
5, 7
Let t(f) = -f**3 - 5*f**2 - 6*f - 9. Let j be t(-3). Let h(x) = -3*x - 21. What are the prime factors of h(j)?
2, 3
Suppose 5*a - 10 = -4*m, 3*a - 2*a + m = 2. Suppose 0 = 2*r + 4*y - 118 - 74, -202 = -a*r + y. What are the prime factors of r?
2, 5
Let y(o) = -15*o**3 + 2*o**2 - 2*o + 1. Let z be y(1). What are the prime factors of z/42*(1 - 160/1)?
53
Suppose 0 = -0*a + a - 2, 3*n + a = -4. List the prime factors of (n + 1)/2*-248.
2, 31
Let d be (-1485)/(-25) + 6/10. Suppose d = -5*f + 5*a, -f + 0*f = 2*a. What are the prime factors of 112/f*2*-1?
2, 7
Suppose 6*p - 2*p = -n + 54, -2*n = -4*p - 144. Let x be (-12)/n - 4/(-22). Let v = x + 41. What are the prime factors of v?
41
Suppose 13*r - 9*r - 188 = 0. Suppose h - r = -4*m, 4*h - 4 - 244 = -m. List the prime factors of h.
3